 be f(u). What is the highest common divisor of 36 and w?
36
Let s(m) = -m**2 + 4*m - 1. Let p be s(3). Suppose -5*h + 4*q + 450 = 0, -3*h - 891*q = -887*q - 302. Calculate the greatest common divisor of p and h.
2
Let i = 909 + -903. Let d be 1/(-3)*-9 + 21. Calculate the highest common divisor of i and d.
6
Let t(j) = 11*j**2 - 15*j + 24. Let l be t(3). Calculate the greatest common factor of 18 and l.
6
Let m be (-5)/(2*(-3)/6) + (173 - 153). Calculate the greatest common divisor of m and 17275.
25
Let b(v) = -v**3 + 3*v**2 + 8*v + 14. Let k be b(5). Let z = -24 + 36. Calculate the highest common factor of k and z.
4
Let r(g) = 2*g**2 - 3*g - 72. Let o be r(12). Calculate the highest common factor of 315 and o.
45
Suppose 2200*p = 2399*p - 224870. What is the greatest common factor of 3164 and p?
226
Let v(d) = 3*d + 62. Let c be v(-18). Suppose -c = 4*w, -r = -5*r - 3*w + 74. Let o(m) = m + 40. Let a be o(0). Calculate the greatest common factor of a and r.
20
Suppose -2005*f = -1993*f - 576. Suppose -5*r = -m - 2*m - 309, 0 = 4*r - 2*m - 246. Suppose -4*g + r = g. Calculate the greatest common factor of f and g.
12
Suppose -59*t = -60*t - 450. Let a = t + 458. Calculate the highest common divisor of a and 712.
8
Let i be -1 - (2 + -1) - -112. Let x(h) = 24*h - 379. Let q be x(16). Calculate the greatest common factor of q and i.
5
Suppose 0 = -8*t + 3*t + 180. Let c = 94 + -90. Suppose -r = -c*r + t. Calculate the highest common factor of 4 and r.
4
Let z be (-4)/1*(-4)/48*3. Let w be 1 + 1 + z + 1. Suppose -w*u + 40 = 2*y, 0 = -y - 3*y - 3*u + 55. Calculate the greatest common factor of y and 10.
10
Let q = 194 + -104. Suppose 2*h - 3*i - 2*i - 10 = 0, h = i + 5. Suppose -h*n + 103 + 77 = 0. Calculate the greatest common factor of n and q.
18
Let q = -6472 + 6824. Calculate the greatest common divisor of 110 and q.
22
Let u(o) = 53*o + 265. Let f be u(-5). Suppose -5*s + 27 + 33 = f. Calculate the highest common divisor of s and 288.
12
Let l(r) = 2*r**3 - 26*r**2 + 3*r + 3. Let n be l(13). Let d = -36 + n. Let s(b) = 5*b + 54. Let w be s(d). What is the highest common divisor of 21 and w?
21
Let m = 28598 - 28583. Calculate the greatest common factor of m and 2895.
15
Suppose 0 = -j - 2*d + 13, 5*d = -j + 4*j + 16. Let s = 327 + -72. Suppose -3*r + 8*r - s = 0. Calculate the greatest common divisor of j and r.
3
Suppose 5*i + 2*v - 63 = 0, 5*i + 3*v - 14 = 48. Suppose 2*c + i*c - 4440 = 0. Calculate the highest common divisor of c and 8.
8
Let b = -183 + 419. Suppose 5*l = b + 149. What is the highest common divisor of l and 22?
11
Let w(d) = 2*d + 4. Let p be w(5). Let c be -3 - ((-8)/1 + 5). Suppose 17*a - 14*a - 252 = c. What is the greatest common factor of p and a?
14
Let i be (-4 - 3 - (9 - 4))*3/(-4). What is the highest common divisor of i and 72?
9
Let s = 2391 + -2390. What is the highest common factor of s and 1429?
1
Let r = -4 + 372. Suppose r*s = 369*s - 13. What is the highest common divisor of 351 and s?
13
Let q = -352 - -359. Suppose 10 = 2*d - f, -5*d + q*f - 11*f + 12 = 0. Calculate the highest common divisor of d and 16.
4
Let x = 148 + -94. Suppose 2*w - x = -z - 4*z, 4*w = -z + 108. Let c be (-3)/(1 - (-30)/(-27)). Calculate the greatest common divisor of w and c.
27
Suppose 6*d + 167 = 5*w + 10*d, -37 = -w + d. Suppose -8*x = -w - 85. Suppose 2*z - r = 5, 3*z + 4*r - 10 = 3*r. What is the highest common factor of z and x?
3
Let g = -446 - -457. Suppose -g*o + 2560 = 679. Calculate the highest common factor of 3 and o.
3
Let z be -7 + (-133)/(-14) + -2 - (-33)/6. Let x = 20 - -2. What is the highest common divisor of x and z?
2
Let n(t) = -t**2 + 39*t - 335. Let l be n(26). Suppose -l*q + 3*j - 246 = -5*q, j = 5*q - 615. What is the greatest common divisor of q and 410?
41
Let p be 1 - ((-90)/(-72))/((-1)/12). Let h = -21 - -7. Let i(a) = -a**3 - 14*a**2 - 10*a - 12. Let b be i(h). What is the greatest common factor of b and p?
16
Let l be 14/(-4)*48/(-28). Let u be (2/(-6))/(l/(-72)). Suppose -u*i = -2*q + 40, -q - 3*q - 5*i = -41. Calculate the highest common divisor of 98 and q.
14
Let o be 70/8 + 336/192 + (-9)/6. Let l be (-3)/12 - (-49)/4. What is the greatest common divisor of l and o?
3
Let r = -3 - -11. Let f be 193 + 21*8/24. What is the highest common factor of r and f?
8
Let q be (-18 + -2)*(-22 - (-81)/9). What is the greatest common factor of q and 169?
13
Let z be 4*(-1)/(-2)*-10. Let n be (-5)/(-2)*(-232)/z. Suppose 10*r = 39 + 2281. What is the greatest common divisor of r and n?
29
Let f = -854 - -854. Suppose -4*q = f, -34*i - 65 = -39*i + 2*q. Suppose 0*d + 39 = 3*d. What is the highest common divisor of i and d?
13
Let q = -217 + 2868. What is the highest common divisor of 482 and q?
241
Let o(q) = -q**3 + 9*q**2 - 11*q + 9. Let m be o(8). Let i be (-40)/m + (-4)/6. Suppose i*x + x - 315 = 0. What is the highest common factor of x and 42?
21
Let a(i) = 9*i**2 - 68*i + 135. Let g be a(2). What is the highest common factor of g and 182?
7
Let o be -4 + (8 - 2) - 1. Let y be (((-48)/(-15))/o)/(20/250). Let a = 2 - -8. What is the greatest common factor of a and y?
10
Let z be 4324/10 - (-4)/(-10). Suppose -5*r + 46 + 3 = -11. What is the greatest common factor of z and r?
12
Let n(y) = y**2 - 9*y - 7. Let v be n(10). Suppose v*q + m - 80 = 0, -95 = -14*q + 10*q + m. Calculate the highest common factor of 5 and q.
5
Let o(q) = 3*q**3 - 30*q**2 - 21*q - 12. Let j be o(11). Suppose 34*l = 10*l + j. Calculate the greatest common divisor of l and 150.
5
Let c = 59354 + -59313. Suppose 0 = 2*i - 1281 + 215. Calculate the highest common divisor of c and i.
41
Suppose 4*r + 25*y - 24*y = 102, y - 78 = -3*r. Calculate the greatest common factor of 4896 and r.
24
Let d = -27856 + 27871. Let j = 22 - 11. Let c = 16 - j. What is the highest common divisor of c and d?
5
Let t(z) = z**3 - 3*z**2 - 11*z - 7. Let g be t(-4). Let v be (-30)/g + 33/5 + -1. Let x be 2 + (0/(-1) - 0). Calculate the greatest common divisor of v and x.
2
Let p be (64 - 2)*114/57. Calculate the highest common factor of 3038 and p.
62
Let t = -343 - -351. Let g be 0 + -4 + 0 + t. Calculate the highest common divisor of 7 and g.
1
Suppose 23*v - 5364 = -4*c + 24*v, -6694 = -5*c + 4*v. What is the greatest common divisor of 44 and c?
22
Let k(g) = 13*g**3 + 2*g**2 - 5*g + 3. Let h(u) = u**2 - 9*u + 9. Let t be h(8). Let b be k(t). Calculate the greatest common factor of 117 and b.
13
Suppose -3*w + 12*q + 1335 + 933 = 0, 4*w - q - 3144 = 0. Calculate the highest common factor of 40 and w.
4
Let t(n) = 9*n**2 - 8*n - 18. Let f be t(-18). Suppose 0 = -8*r + 34*r - f. What is the highest common factor of 78 and r?
39
Let k(y) = -3*y**2 + 7*y**2 - 61 + 1405*y - 1398*y. Let u be k(7). What is the highest common divisor of u and 161?
23
Suppose 0 = -4*h + p + p + 42, 42 = 3*h - 5*p. Suppose -2 = -w - 3, -5*w - 50 = 3*i. Let g be 17*(i/(-5) + 6). Calculate the highest common factor of h and g.
9
Let c be (-1398150)/(-222) + 53/1961. Calculate the greatest common factor of c and 94.
94
Suppose 6 = -0*w + w. Let q(n) = 50*n - 106. Let c(b) = -33*b + 71. Let z(o) = -8*c(o) - 5*q(o). Let t be z(w). What is the highest common factor of t and 23?
23
Suppose 266*y + 4022 = 17588. What is the greatest common factor of 153 and y?
51
Suppose -a - 4*a - 3*z + 57 = 0, -3*a + z + 23 = 0. Let t be 1/a + (-966)/(-54). What is the greatest common factor of 162 and t?
18
Let w(d) = -5*d**3 + 5*d**2 - 5*d + 7. Let x be w(-5). Let r = x + -223. What is the greatest common divisor of 13 and r?
13
Let f be -61 + 90 - 3*3. Calculate the highest common divisor of f and 5380.
20
Suppose 3*c = -4*q + 353, 121 + 119 = 2*c + 5*q. Suppose -2484 = -15*v - 3*v. Calculate the highest common factor of c and v.
23
Let z(g) be the third derivative of g**5/60 + 13*g**4/12 + 17*g**3/2 + 11*g**2 - 3. Let l be z(-27). What is the highest common divisor of l and 273?
39
Let y(u) = -42*u - 1002. Let p be y(-24). Calculate the highest common divisor of 7302 and p.
6
Let g be -1 - 185*14/(-70). Suppose 173 - 47 = z. Calculate the highest common factor of z and g.
18
Let s = 2504 + 223. Let g be s/81 + (-4)/6. Calculate the greatest common factor of g and 33.
33
Suppose 197*f - 5995